Is 4 a factor of v?
False
Let b = -20 + 60. Does 10 divide b?
True
Let q = 5 - 5. Suppose q = 5*c - 170. Suppose 2*i + 170 = 5*j, -4*i + c = -2*j + 3*j. Is j a multiple of 14?
False
Let f = 13 - 10. Does 2 divide f?
False
Let v = 5 - 5. Let c = v + 2. Suppose -c*g - 1 + 5 = 0. Does 2 divide g?
True
Let k be -6*1/(2 + -4). Suppose -i + k*i = 16. Does 5 divide i?
False
Suppose v = 5*v - 5*b - 91, v + 3*b - 27 = 0. Is 4 a factor of v?
True
Let s be ((-3)/(-2))/(12/16). Suppose 226 = 2*w + 3*w + s*h, -2*h = -4*w + 170. Does 11 divide w?
True
Suppose 2*h + 2*r = -8, 0*r = 5*h - 4*r + 65. Is 6 a factor of -1 - 3/(h/51)?
False
Let p = -88 + 193. Is p a multiple of 29?
False
Is 684/10 - -2 - 10/25 a multiple of 10?
True
Let h(j) = -7 + 0 - 3*j + 4*j. Let b be h(8). Is 15 a factor of b/(-2) - (-69)/2?
False
Suppose 4*u - 3*r - 186 = -r, 2*r = -5*u + 246. Suppose -m + u = 2*m. Is m a multiple of 8?
True
Suppose -3*r = 2*r - 40. Is r a multiple of 8?
True
Suppose -5*g = 6 - 136. Suppose 0*n + g = 2*n. Is n a multiple of 5?
False
Suppose -11*d + 0*d = -22. Suppose 3*p - 2*p = 2. Suppose -4*i - p*y = -154, 2*i + d*y = -0*i + 78. Is i a multiple of 19?
True
Let s = 2 + -3. Let j be ((-5)/s)/((-2)/6). Let b = 13 - j. Is 14 a factor of b?
True
Suppose 5*d + l - 96 = 0, -4*l + 88 = 5*d - l. Let p = -10 + d. Does 5 divide p?
True
Let f(x) = 2 + 0*x - x + 1. Does 8 divide f(-11)?
False
Suppose 1 - 4 = -3*b. Suppose 7 + b = 2*o. Suppose j + 5 = 5*v, 2*j + 29 = 5*j - o*v. Does 15 divide j?
True
Let j(n) = -3*n + 2. Let o be j(2). Let u(f) = 2*f**2 + 3*f + 2. Is 18 a factor of u(o)?
False
Suppose 2*v - 315 = -5*v. Is v a multiple of 13?
False
Let t(j) = 5*j + 3*j**2 + 2*j**2 + 0*j**2 + 8 - 6*j**2. Does 2 divide t(6)?
True
Let m be 0 + (-1 - 2) + 141. Suppose 0 = 3*a - n - m, -a - 2*n - 182 = -5*a. Suppose f - a = 6. Does 16 divide f?
False
Suppose 3*v - 95 = -3*x + 22, 3*x + 55 = v. Is 19 a factor of v?
False
Let v = 6 + -7. Does 8 divide -5*4*v/1?
False
Suppose -y + 225 = -0*y. Suppose -36 = 3*x - f - 172, -5*x + 2*f = -y. Is 31 a factor of x?
False
Suppose g = -2*v + 59, -124 = -2*g - 4*v + 3*v. Does 7 divide g?
True
Let i(h) = h + 0*h**2 + 4*h**2 + 6*h**3 - 7*h - 5*h**3. Let d be i(-5). Suppose -k = -2*k + d. Is k a multiple of 4?
False
Let w(b) = -3*b - 12. Let o(u) = -u**2 - 4*u - 3. Let h be (1/(-2))/(2/20). Let m be o(h). Does 6 divide w(m)?
True
Suppose 5*x - 104 = -29. Is (14/6)/(5/x) a multiple of 7?
True
Let h(u) = -u**3 + 5*u**2 + 3. Let f be h(5). Suppose 4*c + b - 8 = 60, 4*c - f*b = 84. Does 9 divide c?
True
Suppose 4*t + 18 = -3*q, -25 = 4*q - 2*t + 21. Let l = q + 14. Suppose -4*i - 191 = z - l*z, 4*z - 5*i - 255 = 0. Is z a multiple of 25?
False
Let z(u) = 2*u**2 - 2. Is 2 a factor of z(-2)?
True
Let x = 85 - 28. Does 9 divide x?
False
Is (0 - -32) + 8/(-4) a multiple of 15?
True
Let f be ((-2)/(-2))/(3/6). Let y(c) = -6*c**2 - 3 + 9*c**f + 1 + c. Is 11 a factor of y(-3)?
True
Suppose 12*m - 108 = 8*m. Is m a multiple of 9?
True
Suppose 0 = -w - 5, -2*k + 0*w = w - 9. Let h(t) = -t**3 + 7*t**2 - t + 6. Let v be h(k). Is 5 a factor of (11 + v + 1)*1?
False
Is 590/22 - (2 - 96/44) a multiple of 11?
False
Let z(o) = o**2 - 4*o + 4. Let d be z(3). Let l be d*((-9)/3 - -2). Is 5 a factor of (-19)/((l + 0)*1)?
False
Let y be -1 - 1 - (-36)/9. Suppose y*k = -0*k + 32. Is k a multiple of 8?
True
Let g(r) be the first derivative of -r**3/3 - r**2/2 + 4*r - 5. Is g(0) a multiple of 4?
True
Let s(w) = -w**2 - 13*w - 6. Let h be s(-10). Is (2 + -82)*(-18)/h a multiple of 13?
False
Let q = 10 + 10. Is q a multiple of 10?
True
Suppose 5*n = 2*n + 354. Suppose 26 + n = 4*a. Is 18 a factor of a?
True
Let j = -7 - -12. Suppose 10 = j*w - 0. Suppose 4*l = w*z - z - 31, 2*z - 2 = -4*l. Does 7 divide z?
False
Suppose 2*c + r - 491 = 0, -4*c + 4*r + 273 + 703 = 0. Let o = c - 167. Let i = -54 + o. Does 12 divide i?
True
Suppose 2 - 8 = -3*a. Suppose 0 = -z + 2*z - a. Suppose 0 = z*m + m - 114. Is 14 a factor of m?
False
Let p = -7 - -12. Suppose 5*q + p = -5. Let c = 19 + q. Does 6 divide c?
False
Is (-15)/6*312/(-20) a multiple of 13?
True
Suppose 5 = 3*l - 2*l. Suppose -4*n + 5*h = 7, h - 6*h = -l*n - 5. Suppose -13 - 19 = -n*v. Does 15 divide v?
False
Suppose -4*h = 20 - 0. Let n = h - -14. Is n a multiple of 9?
True
Let b(l) = -43*l - 1. Does 14 divide b(-1)?
True
Suppose 6*a = 2*a. Suppose a*p + 45 = 2*i - 3*p, -50 = -2*i + 2*p. Is i a multiple of 10?
True
Let h(v) = -4*v - 1. Let k be h(-1). Suppose -22 = -p - k. Is 14 a factor of p?
False
Suppose 2*m - 3*t = -0*m + 6, -2*t = 0. Suppose -m*y + 23 = 5. Is 6 a factor of y?
True
Suppose 5*c + 1 = -4. Is 91/2 + c/(-2) a multiple of 23?
True
Suppose 3*q - 3*d = -12, 5*q + 5*d + 11 = d. Let l = -9 + q. Is 3*4/(-18)*l a multiple of 4?
True
Let n(f) = f**3 - 2*f**2 + f - 2. Let q be n(2). Suppose -2*o + 5*y = -1, q*o + o = 5*y - 2. Is 3 a factor of o?
True
Let y(h) = 10*h**2 - 3*h. Suppose -4*a = 20, 4*j - 6*a + 3*a = 23. Does 15 divide y(j)?
False
Let i(g) = -g + 6. Let q = -7 - -9. Let y be (-2 - -2)/(-1 + q). Does 6 divide i(y)?
True
Let b(y) be the second derivative of y**4/2 + y**3/6 - 2*y. Suppose 0 = 3*v - 2*c + 9, v + 5*c - 8 = 2*c. Is b(v) even?
False
Let a = 49 - 24. Suppose -2*z + 3*z - 5*b - a = 0, -4*z + b = -24. Suppose -z*c + c + 176 = 0. Does 19 divide c?
False
Suppose 0 = -4*m + 3*z + 42 + 32, -4*m + 2*z = -76. Suppose 0*l + m = -5*l, 0 = 4*q - l - 32. Is 3 a factor of q?
False
Let q(a) = -7*a - 22. Is 3 a factor of q(-4)?
True
Suppose 0 = -5*y - 10, -4*x = y + 6 - 204. Does 20 divide x?
False
Suppose 3*y = r + 11 - 3, 0 = 5*y + 5*r. Let w(i) = y - 1 + 0 - 2*i. Is w(-2) a multiple of 2?
False
Let a(q) = -q + 5. Suppose -48 = 2*f + 2*f. Does 17 divide a(f)?
True
Let y(u) = -43*u - 8. Is y(-4) a multiple of 18?
False
Suppose 0 = -5*g - 3*m + 555, -3*g = 5*m - 117 - 200. Does 26 divide g?
False
Let g(x) = -x**3 - 14*x**2 + 12*x - 19. Is g(-15) a multiple of 13?
True
Suppose 2 = 4*u - 10. Let j = u + -3. Does 18 divide (-3 - 19)*(j - 1)?
False
Let q = 8 - 6. Suppose -q*j + 18 = -8. Does 13 divide j?
True
Let f(k) = k**2 - 11*k + 19. Does 11 divide f(19)?
False
Let h(j) = -j**2 + 6. Let a(v) = -2*v**2 + v + 7. Let u be (1 - (-1)/2)*2. Let o(n) = u*h(n) - 2*a(n). Is 6 a factor of o(4)?
True
Let q(l) = 3*l**2 + 4*l - 4. Let g(r) = 3*r**2. Let u be g(1). Let p be u*(2 - (-22)/(-6)). Is q(p) a multiple of 17?
True
Let m(s) = -25*s + 8. Is 9 a factor of m(-4)?
True
Suppose 3*r - 3*m = 21, 0 = -4*r - 2*m + 3*m + 34. Does 5 divide r?
False
Suppose -3*k - v + 4 = 0, -k + 3*v = -0*v + 12. Suppose -3*n = 3 - k, 13 = q + 5*n. Does 9 divide q?
True
Let q(y) = y**2 - y + 10. Let f be q(0). Is 18 a factor of 4/f + (-3260)/(-100)?
False
Suppose -5*k + 187 + 53 = -q, -3*k + 4*q = -161. Does 13 divide k?
False
Let d = -46 + 148. Is d a multiple of 17?
True
Let n(c) be the third derivative of -c**5/40 - c**4/8 + c**3/3 - 2*c**2. Let p(i) be the first derivative of n(i). Does 2 divide p(-2)?
False
Let o = -69 - -36. Let p = o - -54. Is 9 a factor of p?
False
Suppose 16 = -0*j - 3*j - 2*a, 2*a = -5*j - 28. Let z = -7 - j. Does 5 divide z/4*2*-20?
True
Let i(j) = 4*j + 2. Suppose -1 = -c + 7. Does 9 divide i(c)?
False
Let m(p) be the third derivative of -p**6/120 + 7*p**5/60 + p**4/24 - p**3/3 + 3*p**2. Let d be m(5). Let j = d - 38. Does 15 divide j?
True
Let b(o) = -o**3 - 7*o**2 + 8*o + 2. Suppose 5*a - 169 - 31 = 0. Suppose 3*l = -2*l - a. Is b(l) a multiple of 2?
True
Suppose 0 = 5*s - 36 - 264. Is 12 a factor of s?
True
Let z = 43 + -154. Let f = 5 - z. Is (-3)/9 + f/6 a multiple of 14?
False
Let i = 11 + 6. Is 17 a factor of i?
True
Suppose 24*f = 21*f - 9. Suppose -4*c = -c - 6. Does 13 divide (c/f)/(5/(-195))?
True
Suppose -5*f + 774 = 144. Let u = -42 + f. Is 21 a factor of u?
True
Let d(l) = -l**2 - 6*l - 3. Let p be d(-6). Does 11 divide 0 - (p + 1 + -57)?
False
Let f(p) = 37*p - 1. Let l be f(1). Let d be l + (1 - -1)/(-2). Let q = d + -7. Is q a multiple of 11?
False
Let s(o) = -15*o + 39. Is s(-11) a multiple of 15?
False
Does 17 divide (-1 - 10)/(8/(-40))?
False
Let h = -7 + 9. Suppose -2*i = h*i. Suppose p + p - 24 = i. Is 12 a factor of p?
True
Suppose -6*z + 764 = -2*z - 4*p, 3*p - 407 = -2*z. Is 28 a fac